he remainder when 22 is divided by j - 10/(-2 + -3)?
4
Let i(l) = l**2 + 9*l + 9. Let t = 2 - 11. What is the remainder when 43 is divided by i(t)?
7
Suppose o + 48 = 3*o + 5*u, 4*o + 5*u - 86 = 0. Let t(y) = -3*y**2 - 35*y + 154. Calculate the remainder when o is divided by t(-15).
3
Let f = -14 + -15. Let s = f - -41. Calculate the remainder when 15 is divided by s.
3
Let p = -6 + 18. Suppose 6*f + p = 2*f. Calculate the remainder when 19 - (f - 2 - -1) is divided by 8.
7
Let f(m) = 17*m**2 + 5*m + 4. Let z be f(-3). Suppose z = 4*l - 4*c + 38, 2*c - 2 = 0. What is the remainder when l is divided by 14?
13
Suppose 245 + 163 = 3*o. Suppose -2*n = n + 6. Calculate the remainder when 50 is divided by (o/(-24))/(n/6).
16
Suppose -2*d - 5*n = -84, -10*d + 3*n = -6*d - 116. Suppose -182 = -3*y + 292. What is the remainder when y is divided by d?
30
Let m = 518 - 101. What is the remainder when m is divided by 60?
57
Let u be 8 - (4 - 2 - -2). Suppose 2*o = 4*h + 4, -4*o + u*h + 8 = -8. Calculate the remainder when 29 is divided by o.
5
Let i be 175*5*(-1)/(-5). Let s = -51 + i. Calculate the remainder when s is divided by 21.
19
Suppose 2*k - l + 1 = -0, -4*k + l = 1. Suppose 3*w + 4*d - 130 = k, 0 = -w - 2*d + 6*d + 22. Calculate the remainder when (0 + 1)/(2/w) is divided by 5.
4
Calculate the remainder when 285 is divided by 23 + -12 + 8 + -3.
13
Suppose 150 = 4*j - 9*j. Let o = j + 16. Let h = -1 - o. What is the remainder when 24 is divided by h?
11
Let x(q) = 334*q - 37. What is the remainder when x(1) is divided by 60?
57
Suppose 0*n = 3*n - 5*j - 291, 3*j - 519 = -5*n. Suppose 76 = 3*c - 0*c + 2*p, -4*c = 2*p - n. Calculate the remainder when c is divided by 9.
8
Let z be (-2)/4 - (-63)/14. Suppose l + 5*y - 10 = -60, z*l + 4*y + 264 = 0. Let g = 115 + l. Calculate the remainder when g is divided by 23.
22
Let r be (2 - 1)/(302/100 + -3). Suppose -2*g - 70 = -5*u + 2*g, -3*u + 4*g = -r. Calculate the remainder when 37 is divided by u.
7
Calculate the remainder when 31 is divided by (8 + 4)/3 - 0.
3
Let p = 30 - 4. Let t = p + 10. Calculate the remainder when 28 is divided by t/(2 - -1) - 2.
8
Suppose 4*t = -50 - 6. Let l = 14 + t. Suppose -5*p + 4*p + 12 = l. Calculate the remainder when 21 is divided by p.
9
Let c = -57 + 26. Let g = -24 - c. Calculate the remainder when g is divided by 5.
2
Let q(g) = -g**3 + 21*g**2 - 13*g - 70. Calculate the remainder when 131 is divided by q(20).
61
Calculate the remainder when 2077/11 + 4/22 is divided by 8.
5
Suppose -17 - 133 = -5*s. Let m = s + 5. Calculate the remainder when m is divided by ((-19)/(-2))/(3/6).
16
Let g(h) = 4*h - 5. Suppose -27*s + 6 = -26*s. What is the remainder when 112 is divided by g(s)?
17
Suppose 0 = -3*l + 5*q + 409, 3*l - l - 2*q - 266 = 0. Let n(t) = -t**3 - 6*t**2 + 6*t + 26. Calculate the remainder when l is divided by n(-7).
29
Let c(y) = -3*y + 2. Let q(u) = -u + 10. Let x be q(7). Suppose 3*p - 5*p + 11 = k, -x*k = -3*p + 39. What is the remainder when c(-4) is divided by p?
6
Let m(l) = 4*l**2 - 5*l + 2. Suppose 0 = 20*f - f - 228. What is the remainder when m(4) is divided by f?
10
Let y(p) = p**3 + 12*p**2 - 5. Let h be y(-12). Let q be (-1)/(h/4 + 1). Suppose r - 3*t = 5, 4*t - 8 - q = -r. Calculate the remainder when 14 is divided by r.
6
Suppose h - 254 = 4*d, 4*d + 1342 = 5*h + 88. What is the remainder when h is divided by 12?
10
Let a = -1745 - -2691. Calculate the remainder when a is divided by 12.
10
Calculate the remainder when (64/(-8))/(-8)*101 is divided by 37.
27
Suppose -12*x - 307 = -1759. What is the remainder when x is divided by 15?
1
Calculate the remainder when 518 is divided by 45/240*72 - 1/2.
11
Let q(b) = -b**3 - 7*b**2 - 2*b + 4. Let c be q(-7). Suppose -c*s + 252 = -14*s. What is the remainder when s is divided by 13?
11
Let b(g) = 2*g + 50. What is the remainder when 92 is divided by b(-8)?
24
Let u(y) = 4*y - 5*y - 4*y + 3*y - 1. Let s(t) = t**2 + 7*t + 5. Let m be s(-5). Calculate the remainder when u(m) is divided by 5.
4
What is the remainder when 1194/(-21)*(-7 - (-5 - -5)) is divided by 57?
56
Let l = -28 + 0. Calculate the remainder when 43 is divided by (-1)/4 + (-623)/l.
21
Suppose 5*v = q - 24 - 22, -q + 74 = 2*v. Let x be (0/(-2))/(4/4). Suppose x = 2*r - 0*r - q. What is the remainder when r is divided by 9?
6
What is the remainder when 1*15/(-10)*(-894)/9 is divided by 53?
43
Let r(n) = n**3 + 6*n**2 - 71*n - 406. Calculate the remainder when 78 is divided by r(-7).
36
Let z = 227 - 219. Calculate the remainder when (-1240)/(-44) - 6/33 is divided by z.
4
Suppose 0 = 3*b + 5*m - 28, 0*m = 4*b + m - 43. Let d = 17 - b. What is the remainder when d is divided by 4?
2
Let s be (-2)/8 + (-102)/8. Let p = -8 - s. Suppose 0 = 5*w + v - p - 29, 2*v = 3*w - 23. What is the remainder when w is divided by 2?
1
Suppose -5*u + 2 = 2*q - 18, -5*u = 10. Suppose 0 = n - 6*n - 30. What is the remainder when (5 + n)/(2/(-54)) is divided by q?
12
Suppose -4*h - 10 = -42. Let a(l) be the second derivative of l**4/6 - l**3 + 5*l**2/2 + 15*l. What is the remainder when h is divided by a(3)?
3
Let x(t) = t**3 + 13 - 2 - 7*t + 6*t**2 - 3. Let a be x(-7). What is the remainder when (a/10)/(1/65) is divided by 27?
25
Let s be -2 + 6 + 2 + -2. Let d = 228 - 212. Calculate the remainder when s*(-1)/2*-31 is divided by d.
14
Let n = 581 - 254. Calculate the remainder when n is divided by 114.
99
Let t = 18 - 9. Let s = -22 + 12. Let k(w) = w**2 + 8*w - 3. Calculate the remainder when k(s) is divided by t.
8
Let f(q) = -2*q**2 - 86*q + 131. Suppose 17 = v - 5. Suppose 0 = z + z - v. What is the remainder when f(-44) is divided by z?
10
Suppose h + 86 = 3*h. Let y = -3 + 21. Let o = 5 + y. Calculate the remainder when h is divided by o.
20
Let z = -119 + 130. What is the remainder when 800 is divided by z?
8
Suppose -4*h - 3*v - 128 = v, -v = 3*h + 96. Let m be (-129)/(-215)*(-84 + -1). Let u = h - m. What is the remainder when 73 is divided by u?
16
Suppose -24*i + 277 + 995 = 0. What is the remainder when i is divided by 13?
1
Suppose 4*g + 7*u - 3*u = 32, 5*u - 22 = -2*g. Let v = -28 - -44. Calculate the remainder when v is divided by g.
4
Let a(o) = o**2 - 6*o - 1. Let r be a(7). Calculate the remainder when 17 is divided by -22*(r/8 + (-25)/20).
6
Let r = 329 + -253. Calculate the remainder when r is divided by 28.
20
Let n(c) = -3*c + 71. Calculate the remainder when n(-14) is divided by 20.
13
Let j = 996 - 898. Calculate the remainder when j is divided by 11.
10
Let d = 447 - -753. Let s = -250 + d. Calculate the remainder when 18/81 + s/18 is divided by 27.
26
Let z = 43 + -13. Let q = -21 + z. Calculate the remainder when 15 is divided by q.
6
Let s = -8 + 8. Suppose -p + s*u + 3*u + 11 = 0, p = 2*u + 7. What is the remainder when 1 is divided by p*2*3/(-6)?
0
Let g be 76/(-3 + 8 + 0 + -3). Suppose -33*y = -g*y + 60. What is the remainder when 17 is divided by y?
5
Let v(z) = z**3 - 12*z**2 - 11*z - 29. Let w be v(13). Let y(d) = -16*d - 8. Calculate the remainder when y(w) is divided by 15.
10
Suppose -21 = r - 5*b, 0 = 2*b - 0*b - 10. Let s = r - -1. Let n = 18 - s. What is the remainder when n is divided by 4?
1
Let t(s) = s**2 + s + 5. Let i be t(0). Suppose 5*a = 5*h - 9 - 1, 0 = -2*h + a + i. What is the remainder when 7/(7/38) - h is divided by 12?
11
Let w(z) = 2*z**3 - 2*z**2 - 4*z + 1. Let x(i) = -4*i - 31. Let q be x(-9). Calculate the remainder when w(q) is divided by 46.
43
Let q be 0/(-1*(-8)/4). Suppose -5*x + 222 = -4*b, q*b + 2*b - 120 = -3*x. Calculate the remainder when 165 is divided by x.
39
Let w be 10/(-4) - 6/12. What is the remainder when 2*(0 - 1)*-4 is divided by (-10)/12*(w - 3)?
3
Suppose 44 = -15*f + 19*f. Let l(d) = 5*d - 19. What is the remainder when 215 is divided by l(f)?
35
Let n(m) = -6*m**2 - 14*m + 15. Let v(x) = -7*x**2 - 14*x + 14. Let r(j) = 6*n(j) - 5*v(j). What is the remainder when 29 is divided by r(-15)?
4
Let t = 204 - 19. Suppose 5*r = a - 10, -5*a = -3*r + 5*r - t. What is the remainder when a is divided by 12?
11
Suppose -5*c = -29*c + 7008. Calculate the remainder when c is divided by 14.
12
Suppose -2*w - 60 = -h - 4*h, w = 0. Let d be 8 + -8 + (-12)/(-3). Calculate the remainder when 